{"id":590,"date":"2012-05-01T22:36:52","date_gmt":"2012-05-01T20:36:52","guid":{"rendered":"http:\/\/yngves.com\/?page_id=590"},"modified":"2013-02-24T15:04:35","modified_gmt":"2013-02-24T14:04:35","slug":"kirken-og-arbeiderbevegelsen","status":"publish","type":"page","link":"http:\/\/yngves.com\/?page_id=590","title":{"rendered":"Kirken og arbeiderbevegelsen"},"content":{"rendered":"<p><a href=\"http:\/\/yngves.com\/?p=607\" target=\"_self\">1. mai-tale 1998<\/a><br \/>\n<a href=\"http:\/\/yngves.com\/?p=588\" target=\"_self\">En forhistorie<\/a> til en lokalhistorisk begivenhet i 1999:<\/p>\n<p><em><strong>&laquo;Kirken og arbeiderbevegelsen: Oppgj\u00f8r om fortiden. Sammen om fremtiden?&raquo;\u00a0\u00a0<\/strong><\/em> <span style=\"text-decoration: underline;\">M\u00f8te p\u00e5 Jevnaker 28.-29. august 1999.<\/span><\/p>\n<p><span style=\"text-decoration: underline;\">&#8211; Jevnaker kirke l\u00f8rdag 28. august:<\/span><br \/>\n<strong>Berge Furre<\/strong>s foredrag <em>&laquo;Kyrkja og arbeidarr\u00f8rsla&raquo;<\/em> finner du <a href=\"http:\/\/paanett.net\/yngves.com\/wp-content\/uploads\/2012\/05\/Kirken-og-arbbev.pdf#page=3\">her<\/a>.<br \/>\n<strong>Yngve H\u00e5gensen<\/strong>s foredrag <em>&laquo;Momenter til innledning om kirken og arbeiderbevegelsen&raquo; <\/em>kan du lese <a href=\"http:\/\/paanett.net\/yngves.com\/wp-content\/uploads\/2012\/05\/Kirken-og-arbbev.pdf#page=12\">her<\/a>.<\/p>\n<p><span style=\"text-decoration: underline;\">&#8211; Kistefos-museet s\u00f8ndag 29. august:<\/span><br \/>\n<strong>Rosemarie K\u00f6hn<\/strong>s preken\u00a0finner du <a href=\"http:\/\/paanett.net\/yngves.com\/wp-content\/uploads\/2012\/05\/Kirken-og-arbbev.pdf#page=17\">her<\/a>.<br \/>\n<strong>Anne Enger<\/strong>s tale ved \u00e5pning av utstillingen \u00abSosial n\u00f8d \u2013 Arbeiderkamp \u2013 Kristen forsoning\u00bb, finner du <a href=\"http:\/\/paanett.net\/yngves.com\/wp-content\/uploads\/2012\/05\/Kirken-og-arbbev.pdf#page=20\">her<\/a>.<\/p>\n<p>Og undertegnedes velkomstinnledning (28.8.) til arrangementet\u00a0finner du <a href=\"http:\/\/paanett.net\/yngves.com\/wp-content\/uploads\/2012\/05\/Kirken-og-arbbev.pdf#page=2\">her<\/a>.<\/p>\n","protected":false},"excerpt":{"rendered":"<p>1. mai-tale 1998 En forhistorie til en lokalhistorisk begivenhet i 1999: &laquo;Kirken og arbeiderbevegelsen: Oppgj\u00f8r om fortiden. Sammen om fremtiden?&raquo;\u00a0\u00a0 M\u00f8te p\u00e5 Jevnaker 28.-29. august 1999. &#8211; Jevnaker kirke l\u00f8rdag 28. august: Berge Furres foredrag &laquo;Kyrkja og arbeidarr\u00f8rsla&raquo; finner du &hellip; <a href=\"http:\/\/yngves.com\/?page_id=590\">Les videre <span class=\"meta-nav\">&rarr;<\/span><\/a><\/p>\n","protected":false},"author":2,"featured_media":0,"parent":0,"menu_order":0,"comment_status":"closed","ping_status":"open","template":"","meta":{"footnotes":""},"_links":{"self":[{"href":"http:\/\/yngves.com\/index.php?rest_route=\/wp\/v2\/pages\/590"}],"collection":[{"href":"http:\/\/yngves.com\/index.php?rest_route=\/wp\/v2\/pages"}],"about":[{"href":"http:\/\/yngves.com\/index.php?rest_route=\/wp\/v2\/types\/page"}],"author":[{"embeddable":true,"href":"http:\/\/yngves.com\/index.php?rest_route=\/wp\/v2\/users\/2"}],"replies":[{"embeddable":true,"href":"http:\/\/yngves.com\/index.php?rest_route=%2Fwp%2Fv2%2Fcomments&post=590"}],"version-history":[{"count":12,"href":"http:\/\/yngves.com\/index.php?rest_route=\/wp\/v2\/pages\/590\/revisions"}],"predecessor-version":[{"id":596,"href":"http:\/\/yngves.com\/index.php?rest_route=\/wp\/v2\/pages\/590\/revisions\/596"}],"wp:attachment":[{"href":"http:\/\/yngves.com\/index.php?rest_route=%2Fwp%2Fv2%2Fmedia&parent=590"}],"curies":[{"name":"wp","href":"https:\/\/api.w.org\/{rel}","templated":true}]}}

<p><a href="http://yngves.com/?p=607" target="_self">1. mai-tale 1998</a><br />
<a href="http://yngves.com/?p=588" target="_self">En forhistorie</a> til en lokalhistorisk begivenhet i 1999:</p>
<p><em><strong>&laquo;Kirken og arbeiderbevegelsen: Oppgjør om fortiden. Sammen om fremtiden?&raquo;  </strong></em> <span style="text-decoration: underline;">Møte på Jevnaker 28.-29. august 1999.</span></p>
<p><span style="text-decoration: underline;">&#8211; Jevnaker kirke lørdag 28. august:</span><br />
<strong>Berge Furre</strong>s foredrag <em>&laquo;Kyrkja og arbeidarrørsla&raquo;</em> finner du <a href="http://paanett.net/yngves.com/wp-content/uploads/2012/05/Kirken-og-arbbev.pdf#page=3">her</a>.<br />
<strong>Yngve Hågensen</strong>s foredrag <em>&laquo;Momenter til innledning om kirken og arbeiderbevegelsen&raquo; </em>kan du lese <a href="http://paanett.net/yngves.com/wp-content/uploads/2012/05/Kirken-og-arbbev.pdf#page=12">her</a>.</p>
<p><span style="text-decoration: underline;">&#8211; Kistefos-museet søndag 29. august:</span><br />
<strong>Rosemarie Köhn</strong>s preken finner du <a href="http://paanett.net/yngves.com/wp-content/uploads/2012/05/Kirken-og-arbbev.pdf#page=17">her</a>.<br />
<strong>Anne Enger</strong>s tale ved åpning av utstillingen «Sosial nød – Arbeiderkamp – Kristen forsoning», finner du <a href="http://paanett.net/yngves.com/wp-content/uploads/2012/05/Kirken-og-arbbev.pdf#page=20">her</a>.</p>
<p>Og undertegnedes velkomstinnledning (28.8.) til arrangementet finner du <a href="http://paanett.net/yngves.com/wp-content/uploads/2012/05/Kirken-og-arbbev.pdf#page=2">her</a>.</p>

<p>1. mai-tale 1998 En forhistorie til en lokalhistorisk begivenhet i 1999: &laquo;Kirken og arbeiderbevegelsen: Oppgjør om fortiden. Sammen om fremtiden?&raquo;   Møte på Jevnaker 28.-29. august 1999. &#8211; Jevnaker kirke lørdag 28. august: Berge Furres foredrag &laquo;Kyrkja og arbeidarrørsla&raquo; finner du &hellip; <a href="http://yngves.com/?page_id=590">Les videre <span class="meta-nav">&rarr;</span></a></p>
