{"id":330,"date":"2011-06-01T21:09:19","date_gmt":"2011-06-01T19:09:19","guid":{"rendered":"http:\/\/yngves.com\/?page_id=330"},"modified":"2012-05-01T22:54:19","modified_gmt":"2012-05-01T20:54:19","slug":"tanker-om-kirken","status":"publish","type":"page","link":"http:\/\/yngves.com\/?page_id=330","title":{"rendered":"Tanker om kirken"},"content":{"rendered":"<p>01.05.12: <a href=\"http:\/\/yngves.com\/?p=580\" target=\"_self\">Fra bispek\u00e5pe til narrek\u00e5pe?<\/a> Kommentarer\u00a0 til et par s\u00e6re bispeutspill<br \/>\n29.04.12: <a href=\"http:\/\/yngves.com\/?p=481\" target=\"_self\">&laquo;Kan prestar streike?&raquo;<\/a> Kommentar til forsvaret av PFs streikevedtak<br \/>\n22.10.11: <a href=\"http:\/\/yngves.com\/?p=416\" target=\"_self\">Respektl\u00f8st av biskopene.<\/a> Om Kringsatt av fiender som salme.<\/p>\n<p><a href=\"http:\/\/yngves.com\/?page_id=590\" target=\"_self\">Kirken og arbeiderbevegelsen<\/a><\/p>\n<p><strong>Kommentarer til ny h\u00f8ymesseliturgi:<br \/>\n<\/strong><a href=\"http:\/\/yngves.com\/?p=356\" target=\"_self\">Englelovsang f\u00f8r og n\u00e5.<\/a> &laquo;<strong>Gloria<\/strong>&laquo;-leddet: Velbehag over hvem?<br \/>\n<a href=\"http:\/\/yngves.com\/?p=313\" target=\"_self\">Jesus som &laquo;sinna mann&raquo;<\/a> Markus 10, 13-16 i <strong>d\u00e5psliturgien<\/strong><\/p>\n","protected":false},"excerpt":{"rendered":"<p>01.05.12: Fra bispek\u00e5pe til narrek\u00e5pe? Kommentarer\u00a0 til et par s\u00e6re bispeutspill 29.04.12: &laquo;Kan prestar streike?&raquo; Kommentar til forsvaret av PFs streikevedtak 22.10.11: Respektl\u00f8st av biskopene. Om Kringsatt av fiender som salme. Kirken og arbeiderbevegelsen Kommentarer til ny h\u00f8ymesseliturgi: Englelovsang f\u00f8r &hellip; <a href=\"http:\/\/yngves.com\/?page_id=330\">Les videre <span class=\"meta-nav\">&rarr;<\/span><\/a><\/p>\n","protected":false},"author":1,"featured_media":0,"parent":0,"menu_order":0,"comment_status":"closed","ping_status":"open","template":"","meta":{"footnotes":""},"_links":{"self":[{"href":"http:\/\/yngves.com\/index.php?rest_route=\/wp\/v2\/pages\/330"}],"collection":[{"href":"http:\/\/yngves.com\/index.php?rest_route=\/wp\/v2\/pages"}],"about":[{"href":"http:\/\/yngves.com\/index.php?rest_route=\/wp\/v2\/types\/page"}],"author":[{"embeddable":true,"href":"http:\/\/yngves.com\/index.php?rest_route=\/wp\/v2\/users\/1"}],"replies":[{"embeddable":true,"href":"http:\/\/yngves.com\/index.php?rest_route=%2Fwp%2Fv2%2Fcomments&post=330"}],"version-history":[{"count":20,"href":"http:\/\/yngves.com\/index.php?rest_route=\/wp\/v2\/pages\/330\/revisions"}],"predecessor-version":[{"id":602,"href":"http:\/\/yngves.com\/index.php?rest_route=\/wp\/v2\/pages\/330\/revisions\/602"}],"wp:attachment":[{"href":"http:\/\/yngves.com\/index.php?rest_route=%2Fwp%2Fv2%2Fmedia&parent=330"}],"curies":[{"name":"wp","href":"https:\/\/api.w.org\/{rel}","templated":true}]}}