{"id":303,"date":"2011-06-01T21:05:56","date_gmt":"2011-06-01T19:05:56","guid":{"rendered":"http:\/\/yngves.com\/?page_id=303"},"modified":"2012-05-03T19:15:56","modified_gmt":"2012-05-03T17:15:56","slug":"godt-sagt","status":"publish","type":"page","link":"http:\/\/yngves.com\/?page_id=303","title":{"rendered":"Godt sagt"},"content":{"rendered":"<p>Her vil du etterhvert finne sitater, dikt m.v. som har gjort inntrykk p\u00e5 meg.<\/p>\n<p style=\"padding-left: 30px;\"><a href=\"http:\/\/www.youtube.com\/watch?v=pKMwVH3pPNM\" target=\"_self\">&laquo;V\u00e6re-kraft i utvikling&raquo;<\/a>, til erstatning for &laquo;b\u00e6rekraftig utvikling&raquo;. Anne Margrethe Lund. Se ogs\u00e5 under &laquo;<a href=\"http:\/\/yngves.com\/?page_id=57\" target=\"_self\">Linker<\/a>&raquo;<br \/>\n<a href=\"http:\/\/yngves.com\/?p=264\" target=\"_self\">\u201cHvem er jeg?\u201d Dikt av Bonheuffer<\/a><br \/>\n<a href=\"http:\/\/yngves.com\/?p=301\" target=\"_self\">&laquo;Hvorfor sitte inne n\u00e5r alt h\u00e5p er ute?&raquo;<\/a><\/p>\n","protected":false},"excerpt":{"rendered":"<p>Her vil du etterhvert finne sitater, dikt m.v. som har gjort inntrykk p\u00e5 meg. &laquo;V\u00e6re-kraft i utvikling&raquo;, til erstatning for &laquo;b\u00e6rekraftig utvikling&raquo;. Anne Margrethe Lund. Se ogs\u00e5 under &laquo;Linker&raquo; \u201cHvem er jeg?\u201d Dikt av Bonheuffer &laquo;Hvorfor sitte inne n\u00e5r alt &hellip; <a href=\"http:\/\/yngves.com\/?page_id=303\">Les videre <span class=\"meta-nav\">&rarr;<\/span><\/a><\/p>\n","protected":false},"author":2,"featured_media":0,"parent":0,"menu_order":0,"comment_status":"closed","ping_status":"open","template":"","meta":{"footnotes":""},"_links":{"self":[{"href":"http:\/\/yngves.com\/index.php?rest_route=\/wp\/v2\/pages\/303"}],"collection":[{"href":"http:\/\/yngves.com\/index.php?rest_route=\/wp\/v2\/pages"}],"about":[{"href":"http:\/\/yngves.com\/index.php?rest_route=\/wp\/v2\/types\/page"}],"author":[{"embeddable":true,"href":"http:\/\/yngves.com\/index.php?rest_route=\/wp\/v2\/users\/2"}],"replies":[{"embeddable":true,"href":"http:\/\/yngves.com\/index.php?rest_route=%2Fwp%2Fv2%2Fcomments&post=303"}],"version-history":[{"count":10,"href":"http:\/\/yngves.com\/index.php?rest_route=\/wp\/v2\/pages\/303\/revisions"}],"predecessor-version":[{"id":345,"href":"http:\/\/yngves.com\/index.php?rest_route=\/wp\/v2\/pages\/303\/revisions\/345"}],"wp:attachment":[{"href":"http:\/\/yngves.com\/index.php?rest_route=%2Fwp%2Fv2%2Fmedia&parent=303"}],"curies":[{"name":"wp","href":"https:\/\/api.w.org\/{rel}","templated":true}]}}